ctor of i and 5.
5
Suppose -5*k + 99 = -29*u + 31*u, 3*k = 2*u - 75. Suppose -3*w + 39 = 5*p, 4*p = -0*p + 2*w + 18. What is the greatest common factor of u and p?
6
Let w be (-31)/(-6) + 13/(-78). Calculate the highest common factor of w and 5.
5
Let t(z) = 8*z**2 + 7*z + 6. Let v be t(-1). What is the greatest common factor of 7 and v?
7
Suppose 0 = 3*r - 10 + 4. Suppose 23 - 7 = r*j. Calculate the greatest common factor of j and 12.
4
Let f(p) = -4*p - 2 + 2*p - p**2 + 2*p**2. Let u be f(3). What is the greatest common factor of u and 3?
1
Suppose r + 0*m = -m + 58, 4*r = -3*m + 234. Calculate the greatest common divisor of r and 10.
10
Let s(h) = -h**2 - 12*h - 10. Let z be s(-7). Calculate the highest common factor of 10 and z.
5
Let x = -51 + 101. Let l be -4*(7 + 38/(-4)). Calculate the greatest common divisor of l and x.
10
Let a be ((-3)/4)/((-2)/32). Calculate the greatest common factor of 3 and a.
3
Let c be -3*(4/(-3) + 1). Let f = 7 - -1. Calculate the greatest common divisor of c and f.
1
Let v(x) = -x**3 + 15*x**2 + 19*x - 32. Let s be v(16). Suppose 2*z - 2*q = 94, 0 = -0*z + 3*z - q - 143. Calculate the greatest common factor of z and s.
16
Let f = 62 - 50. Calculate the highest common factor of f and 21.
3
Let g(v) = -5*v + 1. Let b be g(-4). Let w(k) = -106*k**3 - 2*k**2 - 2*k - 1. Let f be w(-1). Calculate the highest common factor of f and b.
21
Suppose 53*g - 58*g = -40. Calculate the greatest common divisor of g and 72.
8
Let h(s) = 2*s**2 - 10. Let j be h(-3). What is the greatest common factor of j and 88?
8
Suppose -12 + 2 = -z - v, -4*v - 44 = -3*z. Suppose 2*g - 4*f = z, -3*g + 4*f = -6*g + 48. What is the highest common divisor of 36 and g?
12
Let l be (-221)/(-39) + 2/6. Let h = 58 - 10. What is the highest common factor of l and h?
6
Let y(o) = 4*o**3 - 4*o**2 + 3. Let j be y(3). What is the highest common factor of j and 25?
25
Let g(i) = i**2 + i - 4. Let x be g(-3). Suppose -5*j + 276 = -y - 107, -x*y + 81 = j. What is the highest common factor of 7 and j?
7
Suppose -12*g + 15*g = 456. What is the greatest common divisor of g and 19?
19
Suppose 2*s + 15 = -5*b, -3*b = b - s + 25. Let u(g) = g**2 + 5*g + 5. Let m be u(b). Suppose -40 = 3*q - 4*q. What is the highest common factor of m and q?
5
Let a(o) = 2*o - 1. Let b be a(5). Suppose 4*k = b + 15. What is the highest common divisor of k and 18?
6
Let t(w) = w**3 + 5*w**2 + w + 2. Let r be t(-4). Calculate the greatest common factor of r and 14.
14
Let r(u) = u**2 + 9*u + 6. Let t be r(-10). Suppose -z - 56 = -287. Suppose z = 5*i - 2*y - y, 4*y - 12 = 0. Calculate the highest common divisor of t and i.
16
Let x = 22 - 9. Calculate the highest common divisor of x and 143.
13
Let l(o) = -3*o - 1. Let h be l(-1). Let i be 266/h - 2/2. Calculate the greatest common divisor of 12 and i.
12
Let m(b) = 2*b + 16. Let n be m(8). What is the greatest common divisor of n and 352?
32
Let x(y) = -4*y + 1. Let a be x(-2). Calculate the highest common factor of 3 and a.
3
Let i(d) = -d**3 - 13*d**2 + d - 6. Let p be i(-13). Let z be 6 - (-9)/(-3) - p. Calculate the greatest common factor of 2 and z.
2
Let m = -9 - -4. Suppose 2*z + 50 = -5*j, -5*z = -4*j - 2*z - 40. Let l be (18/m)/(3/j). What is the highest common divisor of 132 and l?
12
Let w(m) = -m - 10. Let b be w(-18). Let q(l) = 13*l**3 + 2*l**2 - 2*l. Let t be q(2). Let s = t + -52. What is the highest common factor of b and s?
8
Suppose 0 = -8*n + 351 - 111. Calculate the greatest common factor of n and 10.
10
Let w be 5 + (-2 - (1 + -2 + -2)). What is the highest common divisor of 36 and w?
6
Suppose 0*w = -4*w - 3*i + 16, 3*i = 0. What is the greatest common factor of 44 and w?
4
Let r(f) = -f**3 - 4*f**2 + 5*f + 6. Let v be r(-5). What is the highest common divisor of 6 and v?
6
Let d be (423/6)/(2/(-4)). Let t be 3/(d/66 - -2). Let u = t - -88. What is the highest common divisor of 11 and u?
11
Suppose 0 = -3*v + 6, -3*f + 0*v = -3*v - 219. Calculate the greatest common factor of 25 and f.
25
Suppose -9*l + 11*l = 460. What is the highest common divisor of l and 92?
46
Suppose -285 = -4*y + 255. What is the highest common divisor of y and 15?
15
Let m(c) = 5*c - 7. Let k be m(3). Suppose -5*z = -269 - 91. What is the highest common factor of k and z?
8
Let j(f) = -f**3 - f - 1. Let u be j(0). Let n = u - -5. Suppose n*i - 9*i = -360. What is the greatest common factor of 18 and i?
18
Let h = 10 - 2. Suppose 47 = 5*b - h. Calculate the greatest common divisor of 55 and b.
11
Suppose 62 = 2*w - 5*l, 3*l - 179 - 7 = -5*w. Calculate the greatest common divisor of w and 360.
36
Let o(v) = v**2 + 7*v + 8. Let g be o(-6). What is the highest common factor of g and 1?
1
Let z(q) = q. Let v be z(-6). Let x be (v/(-4))/(18/24). Suppose x*b + b = 60. Calculate the highest common factor of b and 10.
10
Suppose -2*m = -4 - 2, 36 = k - m. Let d(b) = -3*b - 2. Let v be d(-5). What is the highest common divisor of v and k?
13
Suppose -5*s + n + 389 = 0, -4*s - 3*n = -7*n - 324. Calculate the highest common divisor of s and 7.
7
Let i = 11 - 9. Suppose -2*d - 8 = i*d, -3*j + 56 = 2*d. Calculate the highest common divisor of 180 and j.
20
Let p(f) = f**2 + 11*f - 12. Let q be p(-17). Let s(r) = -5 + 3 - 1 + 4*r. Let j be s(3). Calculate the highest common divisor of q and j.
9
Let s(y) = -4*y - 15. Let w be s(-7). Suppose 35 = q - 12. Suppose -3*j = -281 + q. What is the greatest common divisor of w and j?
13
Let f(b) = -b**2 + 8*b - 4. Let c be f(4). Let q be 40/c*(-9)/(-2). What is the highest common factor of q and 5?
5
Suppose 90 = -0*z + 5*z. Suppose 5*u - 3*u = 0. Suppose u = -5*i + i + 12. What is the highest common factor of i and z?
3
Let r(t) = -t**3 + 7*t**2 - 4. Let w be r(6). Let z be 2/(2*(-1)/(-4)). What is the highest common factor of w and z?
4
Suppose 2*r - 75 = r. Let t(f) = -f**3 + 8*f**2 - 5*f + 1. Let z be t(7). Calculate the greatest common divisor of z and r.
15
Let g(m) = -m**3 + 6*m**2 + 3*m - 5. Let y = 10 + -4. Let k be g(y). Let q = -39 - -65. What is the greatest common divisor of k and q?
13
Let h(b) = 4*b**3 + 6*b**2 + 5*b - 40. Let f(g) = -g**3 - g**2 - g. Let t(c) = -5*f(c) - h(c). Let p be t(0). What is the highest common factor of 16 and p?
8
Suppose 2*i = 3*i - 4. Let b = 4 + i. What is the greatest common divisor of b and 64?
8
Suppose -267 + 3 = -u. What is the highest common factor of 24 and u?
24
Let u = -62 + 125. Let m = 63 + -37. Let l be (-93)/(-13) - 4/m. What is the highest common divisor of u and l?
7
Let m(t) = 21*t**2 - 2*t + 4. Let v be m(3). What is the greatest common divisor of 17 and v?
17
Let s(i) = 6*i + 6. Let j be s(-4). Let f be j/99 - 163/11. Let a = f - -33. What is the greatest common factor of 45 and a?
9
Suppose -18 = -3*y - 3. Let z = -50 + 55. What is the greatest common divisor of z and y?
5
Let d = 29 + -17. Calculate the greatest common factor of 108 and d.
12
Suppose 6 = -3*y, -3*y - 52 = -4*d - 7*y. What is the highest common factor of d and 60?
15
Suppose -2*c + 50 = 3*c. Let m be (25/c)/(3/30). Calculate the greatest common divisor of 5 and m.
5
Suppose -q = -3*q + 32. Let g(h) = -h**2 + 5*h + 8. Let k be g(6). What is the highest common factor of q and k?
2
Suppose -c + 3*c - 96 = 0. Let o = 14 - -18. What is the greatest common divisor of c and o?
16
Let n be 30/4 + 3/6. Let r(o) = 5*o**2 + 3*o - 8. Let t be r(n). Suppose 3*z = -0*z + t. Calculate the highest common factor of 14 and z.
14
Let l(o) = o**2 + 7*o + 6. Let j(z) = -z - 1. Let g(c) = -5*j(c) - l(c). Let u be g(-3). Let v be 3 + u + 2*5. Calculate the highest common divisor of v and 9.
9
Let p(u) = u**2 + 2*u - 3. Let w be p(2). Calculate the highest common divisor of 55 and w.
5
Let z be (3/(-2))/(2/4). Suppose -8*y = -3*y - 5. Let c be 3/((-3)/(z*y)). What is the greatest common factor of c and 33?
3
Let n = 4 + 2. Calculate the highest common divisor of n and 2.
2
Let m(p) = 2*p + 2. Let g be m(0). Suppose g*x = 8 + 4. What is the highest common factor of 15 and x?
3
Let k = -2 + 7. Suppose n = 4*c + 25, -2*c = -n + 2*n + k. What is the greatest common factor of 45 and n?
5
Let t = -46 + 67. What is the greatest common divisor of t and 7?
7
Suppose 2*v + v + 213 = 4*f, 3*f + 5*v = 167.